{"id":31,"date":"2020-07-23T09:59:19","date_gmt":"2020-07-23T12:59:19","guid":{"rendered":"https:\/\/www.iau.usp.br\/siicusp\/30\/?page_id=31"},"modified":"2022-10-16T10:02:24","modified_gmt":"2022-10-16T13:02:24","slug":"o-simposio","status":"publish","type":"page","link":"https:\/\/www.iau.usp.br\/siicusp\/30\/","title":{"rendered":"o simp\u00f3sio"},"content":{"rendered":"\n<h3 class=\"wp-block-heading\"><strong>Bem-vindo(a) ao 30\u00ba SIICUSP!<\/strong><\/h3>\n\n\n\n<p class=\"has-text-align-left\">Em sua trig\u00e9sima edi\u00e7\u00e3o, o Simp\u00f3sio Internacional de Inicia\u00e7\u00e3o Cient\u00edfica e Tecnol\u00f3gica da USP \u2013 SIICUSP \u00e9 um evento anual que tem como objetivo divulgar os resultados das pesquisas de\u00a0 inicia\u00e7\u00e3o cient\u00edfica e tecnol\u00f3gica realizadas por alunos de gradua\u00e7\u00e3o da USP, bem como de outras institui\u00e7\u00f5es nacionais e internacionais. Visa tamb\u00e9m a contribuir para o desenvolvimento de compet\u00eancias necess\u00e1rias \u00e0 pesquisa acad\u00eamica, promovendo a oportunidade de intera\u00e7\u00e3o entre pesquisadores de todos os n\u00edveis e \u00e1reas, e fomentando a colabora\u00e7\u00e3o e a pesquisa multidisciplinar na Universidade.<\/p>\n\n\n\n<p><\/p>\n\n\n\n<h3 class=\"has-text-color wp-block-heading\" style=\"color:#008099\"><strong>etapas do SIICUSP<\/strong><\/h3>\n\n\n\n<p>O SIICUSP \u00e9 composto de duas fases. Na primeira, cada Unidade, ou grupo de Unidades, organiza seu pr\u00f3prio evento, com trabalhos de sua \u00e1rea espec\u00edfica. Esta p\u00e1gina se refere \u00e0 primeira fase do evento vinculada ao Instituto de Arquitetura e Urbanismo (IAU), localizado no campus da USP em S\u00e3o Carlos, no qual devem ser inscritos resumos da<strong> \u00e1rea de Arquitetura e Urbanismo<\/strong>. Os estudantes apresentar\u00e3o oralmente suas pesquisas para uma comiss\u00e3o avaliadora, e os 15% melhor avaliados ser\u00e3o selecionados para a segunda fase, denominada \u201cEtapa Internacional\u201d. Os estudantes selecionados ter\u00e3o a oportunidade de apresentar seus trabalhos novamente, em evento com participa\u00e7\u00e3o de todas as \u00e1reas do conhecimento. A segunda fase ser\u00e1 realizada de <strong>30\/11\/2022<\/strong>\u00a0e\u00a0<strong>01\/12\/2022<\/strong><\/p>\n\n\n\n<p><\/p>\n\n\n\n<h3 class=\"has-text-color wp-block-heading\" style=\"color:#008099\"><strong>men\u00e7\u00f5es honrosas<\/strong><\/h3>\n\n\n\n<p>At\u00e9 20% dos trabalhos apresentados na Etapa Internacional, que congrega todas as Unidades da USP, ser\u00e3o selecionados para a Men\u00e7\u00e3o Honrosa. Os estudantes que receberem Men\u00e7\u00e3o Honrosa poder\u00e3o ser selecionados pela Pr\u00f3Reitoria de Pesquisa para representarem a USP em outros eventos ou premia\u00e7\u00f5es.<\/p>\n\n\n\n<p><\/p>\n\n\n\n<h3 class=\"has-text-color wp-block-heading\" style=\"color:#008099\"><strong>datas importantes<\/strong><\/h3>\n\n\n\n<p class=\"has-text-color has-background has-very-dark-gray-color has-luminous-vivid-amber-background-color\"><strong>26\/10\/2022<\/strong> \u2013 1a fase &#8211; Unidade IAU.USP (presencial)<\/p>\n\n\n\n<p class=\"has-text-color has-background has-very-dark-gray-color has-luminous-vivid-amber-background-color\"><strong><strong>30\/11\/2022<\/strong>\u00a0e\u00a0<strong>01\/12\/2022<\/strong><\/strong> \u2013 Etapa Internacional<\/p>\n\n\n\n<p><\/p>\n\n\n\n<h3 class=\"has-text-color wp-block-heading\" style=\"color:#008099\"><strong>organiza\u00e7\u00e3o<\/strong><\/h3>\n\n\n\n<p><\/p>\n\n\n\n<p><\/p>\n\n\n\n<h6 class=\"has-text-color wp-block-heading\" style=\"color:#008099\"><strong>comiss\u00e3o de pesquisa \/ <a href=\"https:\/\/www.iau.usp.br\/pesquisa\/\" target=\"_blank\" rel=\"noreferrer noopener\">cpq iau.usp<\/a><\/strong><\/h6>\n\n\n\n<p>Prof. Dr. Paulo C\u00e9sar Castral (presidente)<\/p>\n\n\n\n<p>Prof.\u00aa Assoc. L\u00facia Zanin Shimbo (vice-presidente)<\/p>\n\n\n\n<div class=\"wp-block-group\"><div class=\"wp-block-group__inner-container is-layout-flow wp-block-group-is-layout-flow\">\n<p><\/p>\n\n\n\n<h6 class=\"has-text-color wp-block-heading\" style=\"color:#008099\"><strong>membros titulares<\/strong><\/h6>\n<\/div><\/div>\n\n\n\n<p>Prof.\u00aa Dr.\u00aa  Kelen Almeida Dornelles<\/p>\n\n\n\n<p>Prof.\u00aa Assoc. L\u00facia Zanin Shimbo (vice-presidente)<\/p>\n\n\n\n<p>Prof. Dr.\u00a0Paulo C\u00e9sar Castral<\/p>\n\n\n\n<p>Gabriela Henriques Camelo (representante discente \/ mestrado)<\/p>\n\n\n\n<p><\/p>\n\n\n\n<h6 class=\"has-text-color wp-block-heading\" style=\"color:#008099\"><strong>membros suplentes<\/strong><\/h6>\n\n\n\n<p>Prof.\u00aa Assoc. Eulalia Portela Negrelos<\/p>\n\n\n\n<p>Prof. Dr. Jeferson Cristiano Tavares<\/p>\n\n\n\n<p>Prof. Dr. Francisco Sales Trajano<\/p>\n\n\n\n<p>Beatrice Volpato Teixeira (representante discente \/ doutorado)<\/p>\n\n\n\n<h6 class=\"has-text-color wp-block-heading\" style=\"color:#008099\"><strong>convidados<\/strong><\/h6>\n\n\n\n<p>Prof.\u00aa Joana D\u2019Arc de Oliveira (representante dos p\u00f3s-doutorandos junto \u00e0 CPq)<\/p>\n\n\n\n<h6 class=\"has-text-color wp-block-heading\" style=\"color:#008099\"><strong>servidores t\u00e9cnico-administrativos<\/strong><\/h6>\n\n\n\n<p>S\u00e9rgio Celestini (secret\u00e1rio)<\/p>\n\n\n\n<p>Evandro Cesar Bueno (se\u00e7\u00e3o t\u00e9cnica de inform\u00e1tica)<\/p>\n\n\n\n<p>Daniel Picon (se\u00e7\u00e3o t\u00e9cnica de inform\u00e1tica)<\/p>\n\n\n\n<h5 class=\"has-text-color has-text-align-left\" style=\"color:#008099\">p\u00e1gina desenvolvida por AILIN CHANG, Gabriel Botasso, Luiza Beltramini, mayara macedo, sabrina lopes, tha\u00eds de miranda e vit\u00f3ria machado<\/h5>\n\n\n\n<div style=\"height:96px\" aria-hidden=\"true\" class=\"wp-block-spacer\"><\/div>\n\n\n\n<hr class=\"wp-block-separator has-text-color has-background has-luminous-vivid-amber-background-color has-luminous-vivid-amber-color\" \/>\n\n\n\n<p><\/p>\n\n\n\n<p class=\"has-text-color has-text-align-center has-luminous-vivid-amber-color\"><strong>Siga-nos em nossas redes sociais<\/strong>!<\/p>\n\n\n\n<ul class=\"wp-block-social-links aligncenter is-layout-flex wp-block-social-links-is-layout-flex\">\n\n\n\n<li class=\"wp-social-link wp-social-link-instagram  wp-block-social-link\"><a href=\"https:\/\/www.instagram.com\/iauusp\/?igshid=1ppon6b0brual\" class=\"wp-block-social-link-anchor\"><svg width=\"24\" height=\"24\" viewBox=\"0 0 24 24\" version=\"1.1\" xmlns=\"http:\/\/www.w3.org\/2000\/svg\" aria-hidden=\"true\" focusable=\"false\"><path d=\"M12,4.622c2.403,0,2.688,0.009,3.637,0.052c0.877,0.04,1.354,0.187,1.671,0.31c0.42,0.163,0.72,0.358,1.035,0.673 c0.315,0.315,0.51,0.615,0.673,1.035c0.123,0.317,0.27,0.794,0.31,1.671c0.043,0.949,0.052,1.234,0.052,3.637 s-0.009,2.688-0.052,3.637c-0.04,0.877-0.187,1.354-0.31,1.671c-0.163,0.42-0.358,0.72-0.673,1.035 c-0.315,0.315-0.615,0.51-1.035,0.673c-0.317,0.123-0.794,0.27-1.671,0.31c-0.949,0.043-1.233,0.052-3.637,0.052 s-2.688-0.009-3.637-0.052c-0.877-0.04-1.354-0.187-1.671-0.31c-0.42-0.163-0.72-0.358-1.035-0.673 c-0.315-0.315-0.51-0.615-0.673-1.035c-0.123-0.317-0.27-0.794-0.31-1.671C4.631,14.688,4.622,14.403,4.622,12 s0.009-2.688,0.052-3.637c0.04-0.877,0.187-1.354,0.31-1.671c0.163-0.42,0.358-0.72,0.673-1.035 c0.315-0.315,0.615-0.51,1.035-0.673c0.317-0.123,0.794-0.27,1.671-0.31C9.312,4.631,9.597,4.622,12,4.622 M12,3 C9.556,3,9.249,3.01,8.289,3.054C7.331,3.098,6.677,3.25,6.105,3.472C5.513,3.702,5.011,4.01,4.511,4.511 c-0.5,0.5-0.808,1.002-1.038,1.594C3.25,6.677,3.098,7.331,3.054,8.289C3.01,9.249,3,9.556,3,12c0,2.444,0.01,2.751,0.054,3.711 c0.044,0.958,0.196,1.612,0.418,2.185c0.23,0.592,0.538,1.094,1.038,1.594c0.5,0.5,1.002,0.808,1.594,1.038 c0.572,0.222,1.227,0.375,2.185,0.418C9.249,20.99,9.556,21,12,21s2.751-0.01,3.711-0.054c0.958-0.044,1.612-0.196,2.185-0.418 c0.592-0.23,1.094-0.538,1.594-1.038c0.5-0.5,0.808-1.002,1.038-1.594c0.222-0.572,0.375-1.227,0.418-2.185 C20.99,14.751,21,14.444,21,12s-0.01-2.751-0.054-3.711c-0.044-0.958-0.196-1.612-0.418-2.185c-0.23-0.592-0.538-1.094-1.038-1.594 c-0.5-0.5-1.002-0.808-1.594-1.038c-0.572-0.222-1.227-0.375-2.185-0.418C14.751,3.01,14.444,3,12,3L12,3z M12,7.378 c-2.552,0-4.622,2.069-4.622,4.622S9.448,16.622,12,16.622s4.622-2.069,4.622-4.622S14.552,7.378,12,7.378z M12,15 c-1.657,0-3-1.343-3-3s1.343-3,3-3s3,1.343,3,3S13.657,15,12,15z M16.804,6.116c-0.596,0-1.08,0.484-1.08,1.08 s0.484,1.08,1.08,1.08c0.596,0,1.08-0.484,1.08-1.08S17.401,6.116,16.804,6.116z\"><\/path><\/svg><span class=\"wp-block-social-link-label screen-reader-text\">Instagram<\/span><\/a><\/li>\n\n\n\n\n\n\n\n<li class=\"wp-social-link wp-social-link-facebook  wp-block-social-link\"><a href=\"https:\/\/www.facebook.com\/iau.usp\/\" class=\"wp-block-social-link-anchor\"><svg width=\"24\" height=\"24\" viewBox=\"0 0 24 24\" version=\"1.1\" xmlns=\"http:\/\/www.w3.org\/2000\/svg\" aria-hidden=\"true\" focusable=\"false\"><path d=\"M12 2C6.5 2 2 6.5 2 12c0 5 3.7 9.1 8.4 9.9v-7H7.9V12h2.5V9.8c0-2.5 1.5-3.9 3.8-3.9 1.1 0 2.2.2 2.2.2v2.5h-1.3c-1.2 0-1.6.8-1.6 1.6V12h2.8l-.4 2.9h-2.3v7C18.3 21.1 22 17 22 12c0-5.5-4.5-10-10-10z\"><\/path><\/svg><span class=\"wp-block-social-link-label screen-reader-text\">Facebook<\/span><\/a><\/li><\/ul>\n\n\n\n<p class=\"has-text-color has-text-align-center has-luminous-vivid-amber-color\"><strong>Edi\u00e7\u00f5es Anteriores<\/strong><\/p>\n\n\n\n<p class=\"has-text-align-center\"><a href=\"https:\/\/www.iau.usp.br\/siicusp\/30\/28\/\">Edi\u00e7\u00e3o 2<\/a>9<br><a href=\"https:\/\/www.iau.usp.br\/siicusp\/30\/28\/\">Edi\u00e7\u00e3o 28<\/a><\/p>\n","protected":false},"excerpt":{"rendered":"<p>Bem-vindo(a) ao 30\u00ba SIICUSP! Em sua trig\u00e9sima edi\u00e7\u00e3o, o Simp\u00f3sio Internacional de Inicia\u00e7\u00e3o Cient\u00edfica e Tecnol\u00f3gica da USP \u2013 SIICUSP \u00e9 um evento anual que tem como objetivo divulgar os resultados das pesquisas de\u00a0 inicia\u00e7\u00e3o cient\u00edfica e tecnol\u00f3gica realizadas por alunos de gradua\u00e7\u00e3o da USP, bem como de outras institui\u00e7\u00f5es nacionais e internacionais. Visa tamb\u00e9m &hellip; <\/p>\n<p class=\"link-more\"><a href=\"https:\/\/www.iau.usp.br\/siicusp\/30\/\" class=\"more-link\">Continue lendo<span class=\"screen-reader-text\"> &#8220;o simp\u00f3sio&#8221;<\/span><\/a><\/p>\n","protected":false},"author":5,"featured_media":0,"parent":0,"menu_order":0,"comment_status":"closed","ping_status":"closed","template":"","meta":{"footnotes":""},"_links":{"self":[{"href":"https:\/\/www.iau.usp.br\/siicusp\/30\/wp-json\/wp\/v2\/pages\/31"}],"collection":[{"href":"https:\/\/www.iau.usp.br\/siicusp\/30\/wp-json\/wp\/v2\/pages"}],"about":[{"href":"https:\/\/www.iau.usp.br\/siicusp\/30\/wp-json\/wp\/v2\/types\/page"}],"author":[{"embeddable":true,"href":"https:\/\/www.iau.usp.br\/siicusp\/30\/wp-json\/wp\/v2\/users\/5"}],"replies":[{"embeddable":true,"href":"https:\/\/www.iau.usp.br\/siicusp\/30\/wp-json\/wp\/v2\/comments?post=31"}],"version-history":[{"count":58,"href":"https:\/\/www.iau.usp.br\/siicusp\/30\/wp-json\/wp\/v2\/pages\/31\/revisions"}],"predecessor-version":[{"id":1438,"href":"https:\/\/www.iau.usp.br\/siicusp\/30\/wp-json\/wp\/v2\/pages\/31\/revisions\/1438"}],"wp:attachment":[{"href":"https:\/\/www.iau.usp.br\/siicusp\/30\/wp-json\/wp\/v2\/media?parent=31"}],"curies":[{"name":"wp","href":"https:\/\/api.w.org\/{rel}","templated":true}]}}