{"id":1226,"date":"2021-09-24T12:02:18","date_gmt":"2021-09-24T15:02:18","guid":{"rendered":"https:\/\/www.iau.usp.br\/siicusp\/32\/?page_id=1226"},"modified":"2024-10-18T15:46:15","modified_gmt":"2024-10-18T18:46:15","slug":"programacao-geral","status":"publish","type":"page","link":"https:\/\/www.iau.usp.br\/siicusp\/32\/programacao-geral\/","title":{"rendered":"PPROGRAMA\u00c7\u00c3O"},"content":{"rendered":"\n<p class=\"has-text-color\" style=\"color:#176998\">A fase local do 32o SIICUSP  conta com o total de 51 trabalhos inscritos de alunos do IAU E 03 alunos da UFU, agrupados em 06 salas tem\u00e1ticas que organizam 15 mesas de apresenta\u00e7\u00e3o. Para ver a programa\u00e7\u00e3o completa em PDF, <a href=\"https:\/\/www.iau.usp.br\/siicusp\/32\/wp-content\/uploads\/sites\/6\/2024\/10\/programac\u0327a\u0303o-siicusp-2024.pdf\" data-type=\"link\" data-id=\"https:\/\/www.iau.usp.br\/siicusp\/32\/wp-content\/uploads\/sites\/6\/2024\/10\/programac\u0327a\u0303o-siicusp-2024.pdf\" target=\"_blank\" rel=\"noreferrer noopener\"><mark style=\"background-color:rgba(0, 0, 0, 0);color:#094a70\" class=\"has-inline-color\">clique aqui<\/mark><\/a>, ou clique nas salas abaixo para se ter acesso \u00e0 programa\u00e7\u00e3o espec\u00edfica e aos resumos dos trabalhos:<\/p>\n\n\n\n<p class=\"has-text-color\" style=\"color:#176998\"><a href=\"https:\/\/www.iau.usp.br\/siicusp\/cidade-processos-de-urbanizacao-territorios-e-habitacao-01\/\" data-type=\"link\" data-id=\"https:\/\/www.iau.usp.br\/siicusp\/cidade-processos-de-urbanizacao-territorios-e-habitacao-01\/\"><mark style=\"background-color:rgba(0, 0, 0, 0);color:#094a70\" class=\"has-inline-color\">CIDADE, PROCESSOS DE URBANIZA\u00c7\u00c3O, TERRIT\u00d3RIOS E HABITA\u00c7\u00c3O<\/mark><\/a><br>Audit\u00f3rio Paulo de Camargo<\/p>\n\n\n\n<p class=\"has-text-color\" style=\"color:#176998\"><a href=\"https:\/\/www.iau.usp.br\/siicusp\/historia-da-arquitetura-e-do-urbanismo\/\" data-type=\"link\" data-id=\"https:\/\/www.iau.usp.br\/siicusp\/historia-da-arquitetura-e-do-urbanismo\/\"><mark style=\"background-color:rgba(0, 0, 0, 0);color:#094a70\" class=\"has-inline-color\">HIST\u00d3RIA, TEORIA E LEITURAS DA ARQUITETURA E DO URBANISMO<\/mark><\/a><br>Sala de aula &#8211; P\u00f3s 2<\/p>\n\n\n\n<p class=\"has-text-color\" style=\"color:#176998\"><a href=\"https:\/\/www.iau.usp.br\/siicusp\/sustentabilidade-e-tecnologia-em-arquitetura-e-urbanismo\/\" data-type=\"link\" data-id=\"https:\/\/www.iau.usp.br\/siicusp\/sustentabilidade-e-tecnologia-em-arquitetura-e-urbanismo\/\"><mark style=\"background-color:rgba(0, 0, 0, 0);color:#094a70\" class=\"has-inline-color\">SUSTENTABILIDADE E TECNOLOGIA EM ARQUITETURA E URBANISMO<\/mark><\/a><br>Sala de Reuni\u00f5es &#8211; LCC<\/p>\n\n\n\n<p class=\"has-text-color\" style=\"color:#176998\"><a href=\"https:\/\/www.iau.usp.br\/siicusp\/cultura-arte-cidade-e-trabalho\/\" data-type=\"link\" data-id=\"https:\/\/www.iau.usp.br\/siicusp\/cultura-arte-cidade-e-trabalho\/\"><mark style=\"background-color:rgba(0, 0, 0, 0);color:#094a70\" class=\"has-inline-color\">CULTURA, ARTE, CIDADE, ARQUITETURA E TRABALHO<\/mark><\/a><br>Laboratorio de FAbrica\u00e7\u00e3o Digital<\/p>\n\n\n\n<p class=\"has-text-color\" style=\"color:#176998\">&nbsp;<a href=\"https:\/\/www.iau.usp.br\/siicusp\/projeto-meios-digitais-e-cartografias\/\" data-type=\"link\" data-id=\"https:\/\/www.iau.usp.br\/siicusp\/projeto-meios-digitais-e-cartografias\/\"><mark style=\"background-color:rgba(0, 0, 0, 0);color:#094a70\" class=\"has-inline-color\">PROJETO, MEIOS DIGITAIS E CARTOGRAFIAS<\/mark><\/a><br>Laborat\u00f3rio de Conforto<\/p>\n\n\n\n<p class=\"has-text-color\" style=\"color:#176998\">&nbsp;<a href=\"https:\/\/www.iau.usp.br\/siicusp\/cultura-arte-cidade-arquitetura-e-trabalho\/\" data-type=\"link\" data-id=\"https:\/\/www.iau.usp.br\/siicusp\/cultura-arte-cidade-arquitetura-e-trabalho\/\"><mark style=\"background-color:rgba(0, 0, 0, 0);color:#094a70\" class=\"has-inline-color\">PATRIM\u00d4NIO E SUAS M\u00daLITPLAS VISADAS<\/mark><\/a><br>LAborat\u00f3rio de Constru\u00e7\u00e3o Civil &#8211; LCC<\/p>\n\n\n\n<p><\/p>\n\n\n\n<p><br><\/p>\n\n\n\n<p><\/p>\n","protected":false},"excerpt":{"rendered":"<p>A fase local do 32o SIICUSP conta com o total de 51 trabalhos inscritos de alunos do IAU E 03 alunos da UFU, agrupados em 06 salas tem\u00e1ticas que organizam 15 mesas de apresenta\u00e7\u00e3o. Para ver a programa\u00e7\u00e3o completa em PDF, clique aqui, ou clique nas salas abaixo para se ter acesso \u00e0 programa\u00e7\u00e3o espec\u00edfica &hellip; <\/p>\n<p class=\"link-more\"><a href=\"https:\/\/www.iau.usp.br\/siicusp\/32\/programacao-geral\/\" class=\"more-link\">Continue lendo<span class=\"screen-reader-text\"> &#8220;PPROGRAMA\u00c7\u00c3O&#8221;<\/span><\/a><\/p>\n","protected":false},"author":14,"featured_media":0,"parent":0,"menu_order":0,"comment_status":"closed","ping_status":"closed","template":"","meta":{"footnotes":""},"_links":{"self":[{"href":"https:\/\/www.iau.usp.br\/siicusp\/32\/wp-json\/wp\/v2\/pages\/1226"}],"collection":[{"href":"https:\/\/www.iau.usp.br\/siicusp\/32\/wp-json\/wp\/v2\/pages"}],"about":[{"href":"https:\/\/www.iau.usp.br\/siicusp\/32\/wp-json\/wp\/v2\/types\/page"}],"author":[{"embeddable":true,"href":"https:\/\/www.iau.usp.br\/siicusp\/32\/wp-json\/wp\/v2\/users\/14"}],"replies":[{"embeddable":true,"href":"https:\/\/www.iau.usp.br\/siicusp\/32\/wp-json\/wp\/v2\/comments?post=1226"}],"version-history":[{"count":33,"href":"https:\/\/www.iau.usp.br\/siicusp\/32\/wp-json\/wp\/v2\/pages\/1226\/revisions"}],"predecessor-version":[{"id":1944,"href":"https:\/\/www.iau.usp.br\/siicusp\/32\/wp-json\/wp\/v2\/pages\/1226\/revisions\/1944"}],"wp:attachment":[{"href":"https:\/\/www.iau.usp.br\/siicusp\/32\/wp-json\/wp\/v2\/media?parent=1226"}],"curies":[{"name":"wp","href":"https:\/\/api.w.org\/{rel}","templated":true}]}}