{"id":1104,"date":"2020-11-19T12:39:31","date_gmt":"2020-11-19T14:39:31","guid":{"rendered":"https:\/\/www.iau.usp.br\/siicusp\/?page_id=1104"},"modified":"2020-11-30T11:31:04","modified_gmt":"2020-11-30T13:31:04","slug":"sessoes-remarcadas","status":"publish","type":"page","link":"https:\/\/www.iau.usp.br\/siicusp\/sessoes-remarcadas\/","title":{"rendered":"sess\u00f5es remarcadas"},"content":{"rendered":"\n<h3 class=\"has-text-align-left\"><strong>20 DE NOVEMBRO<\/strong><\/h3>\n\n\n\n<style>\n.colors-dark .entry-content a img, \n.colors-dark .widget a img {\n    box-shadow: none;\n    border: 0;\n}\n\n.youtube {\n    opacity: 0.8;\n}\n\n.youtube:hover {\n    opacity: 1;\n}\n\n.saiba:link {\n   opacity: 0.8;\n   text-decoration: none;\n   color: #008099;\n}\n\n.saiba:hover {\n  opacity: 1;\n  text-decoration: none;\n  font-size: 12px;\n}\n\n.textoyt {\n    display: flex;\n    align-items: center;\n}\n\n<\/style>\n\n<p class=\"has-background has-very-dark-gray-background-color\">\n    <span>\n        <strong>08:00 &#8211; 09:00<\/strong>  &#8211; Sess\u00e3o\n    <\/span>\n    <br>\n    <br>\n    <span style=\"color: #008099;\">\n        <strong>Patrim\u00f4nio arquitet\u00f4nico<\/strong>\n    <\/span>\n    <br>\n    <span style=\"color: #ffffff; font-size: 14px;\">J\u00falia Simabukuro | Eduardo Galbes Breda de Lima | Giovana Cirone da Silva<\/span>\n    <br>\n    <span class=\"saiba\" style=\"color: #008099; text-decoration: none; font-size: 12px; font-family: Arial;\">\n        \r\n\t<a class=\"paoc-popup-click paoc-popup-cust-617 paoc-popup-simple_link paoc-popup-link\" href=\"javascript:void(0);\">Saiba mais<\/a>\r\n\r\n\n    <\/span>\n<\/p>\n\n\n\n<h3 class=\"has-text-align-left\"><strong>23 DE NOVEMBRO<\/strong><\/h3>\n\n\n\n<style>\n.colors-dark .entry-content a img, \n.colors-dark .widget a img {\n    box-shadow: none;\n    border: 0;\n}\n\n.youtube {\n    opacity: 0.8;\n}\n\n.youtube:hover {\n    opacity: 1;\n}\n\n.saiba:link {\n   opacity: 0.8;\n   text-decoration: none;\n   color: #008099;\n}\n\n.saiba:hover {\n  opacity: 1;\n  text-decoration: none;\n  font-size: 12px;\n}\n\n.textoyt {\n    display: flex;\n    align-items: center;\n}\n\n<\/style>\n\n<p class=\"has-background has-very-dark-gray-background-color\">\n    <span>\n        <strong>17:00 &#8211; 17:40<\/strong>  &#8211; Sess\u00e3o\n    <\/span>\n    <br>\n    <br>\n    <span style=\"color: #008099;\">\n        <strong>Habita\u00e7\u00e3o e Cidade<\/strong> &#8211; parte 1\n    <\/span>\n    <br>\n    <span style=\"color: #ffffff; font-size: 14px;\">Chiara Keese Montanhesi | Giovanna Eidler Moles<\/span>\n    <br>\n    <span class=\"saiba\" style=\"color: #008099; text-decoration: none; font-size: 12px; font-family: Arial;\">\n        \r\n\t<a class=\"paoc-popup-click paoc-popup-cust-642 paoc-popup-simple_link paoc-popup-link\" href=\"javascript:void(0);\">Saiba mais<\/a>\r\n\r\n\n    <\/span>\n<\/p>\n\n\n\n<h3 class=\"has-text-align-left\"><strong>26 DE NOVEMBRO<\/strong><\/h3>\n\n\n\n<style>\n.colors-dark .entry-content a img, \n.colors-dark .widget a img {\n    box-shadow: none;\n    border: 0;\n}\n\n.youtube {\n    opacity: 0.8;\n}\n\n.youtube:hover {\n    opacity: 1;\n}\n\n.saiba:link {\n   opacity: 0.8;\n   text-decoration: none;\n   color: #008099;\n}\n\n.saiba:hover {\n  opacity: 1;\n  text-decoration: none;\n  font-size: 12px;\n}\n\n.textoyt {\n    display: flex;\n    align-items: center;\n}\n\n<\/style>\n\n<p class=\"has-background has-very-dark-gray-background-color\">\n    <span>\n        <strong>17:30 &#8211; 17:50<\/strong>  &#8211; Sess\u00e3o\n    <\/span>\n    <br>\n    <br>\n    <span style=\"color: #008099;\">\n        <strong>Habita\u00e7\u00e3o e Cidade<\/strong> &#8211; parte 2\n    <\/span>\n    <br>\n    <span style=\"color: #ffffff; font-size: 14px;\">Giuliana Serrano Sperotto<\/span>\n    <br>\n    <span class=\"saiba\" style=\"color: #008099; text-decoration: none; font-size: 12px; font-family: Arial;\">\n        \r\n\t<a class=\"paoc-popup-click paoc-popup-cust-1117 paoc-popup-simple_link paoc-popup-link\" href=\"javascript:void(0);\">Saiba mais<\/a>\r\n\r\n\n    <\/span>\n<\/p>\n\n\n\n<h3 class=\"has-text-align-left\"><strong>27 DE NOVEMBRO<\/strong><\/h3>\n\n\n\n<style>\n.colors-dark .entry-content a img, \n.colors-dark .widget a img {\n    box-shadow: none;\n    border: 0;\n}\n\n.youtube {\n    opacity: 0.8;\n}\n\n.youtube:hover {\n    opacity: 1;\n}\n\n.saiba:link {\n   opacity: 0.8;\n   text-decoration: none;\n   color: #008099;\n}\n\n.saiba:hover {\n  opacity: 1;\n  text-decoration: none;\n  font-size: 12px;\n}\n\n.textoyt {\n    display: flex;\n    align-items: center;\n}\n\n<\/style>\n\n<p class=\"has-background has-very-dark-gray-background-color\">\n    <span>\n        <strong>09:00 &#8211; 09:20<\/strong>  &#8211; Sess\u00e3o\n    <\/span>\n    <br>\n    <br>\n    <span style=\"color: #008099;\">\n        <strong>Controle social na cidade: g\u00eanero e corpos encarcerados<\/strong> &#8211; parte 2\n    <\/span>\n    <br>\n    <span style=\"color: #ffffff; font-size: 14px;\">M\u00edrlei Angelly da Silva Bernardino<\/span>\n    <br>\n    <span class=\"saiba\" style=\"color: #008099; text-decoration: none; font-size: 12px; font-family: Arial;\">\n        \r\n\t<a class=\"paoc-popup-click paoc-popup-cust-1137 paoc-popup-simple_link paoc-popup-link\" href=\"javascript:void(0);\">Saiba mais<\/a>\r\n\r\n\n    <\/span>\n<\/p>\n","protected":false},"excerpt":{"rendered":"<p>20 DE NOVEMBRO 08:00 &#8211; 09:00 &#8211; Sess\u00e3o Patrim\u00f4nio arquitet\u00f4nico J\u00falia Simabukuro | Eduardo Galbes Breda de Lima | Giovana Cirone da Silva 23 DE NOVEMBRO 17:00 &#8211; 17:40 &#8211; Sess\u00e3o Habita\u00e7\u00e3o e Cidade &#8211; parte 1 Chiara Keese Montanhesi | Giovanna Eidler Moles 26 DE NOVEMBRO 17:30 &#8211; 17:50 &#8211; Sess\u00e3o Habita\u00e7\u00e3o e Cidade &hellip; <\/p>\n<p class=\"link-more\"><a href=\"https:\/\/www.iau.usp.br\/siicusp\/sessoes-remarcadas\/\" class=\"more-link\">Continue lendo<span class=\"screen-reader-text\"> &#8220;sess\u00f5es remarcadas&#8221;<\/span><\/a><\/p>\n","protected":false},"author":10,"featured_media":0,"parent":0,"menu_order":0,"comment_status":"closed","ping_status":"closed","template":"","meta":{"footnotes":""},"_links":{"self":[{"href":"https:\/\/www.iau.usp.br\/siicusp\/wp-json\/wp\/v2\/pages\/1104"}],"collection":[{"href":"https:\/\/www.iau.usp.br\/siicusp\/wp-json\/wp\/v2\/pages"}],"about":[{"href":"https:\/\/www.iau.usp.br\/siicusp\/wp-json\/wp\/v2\/types\/page"}],"author":[{"embeddable":true,"href":"https:\/\/www.iau.usp.br\/siicusp\/wp-json\/wp\/v2\/users\/10"}],"replies":[{"embeddable":true,"href":"https:\/\/www.iau.usp.br\/siicusp\/wp-json\/wp\/v2\/comments?post=1104"}],"version-history":[{"count":7,"href":"https:\/\/www.iau.usp.br\/siicusp\/wp-json\/wp\/v2\/pages\/1104\/revisions"}],"predecessor-version":[{"id":1144,"href":"https:\/\/www.iau.usp.br\/siicusp\/wp-json\/wp\/v2\/pages\/1104\/revisions\/1144"}],"wp:attachment":[{"href":"https:\/\/www.iau.usp.br\/siicusp\/wp-json\/wp\/v2\/media?parent=1104"}],"curies":[{"name":"wp","href":"https:\/\/api.w.org\/{rel}","templated":true}]}}